 1951
What are the prime factors of 5870?
2, 5, 587
What are the prime factors of 27597?
3, 9199
List the prime factors of 1926.
2, 3, 107
List the prime factors of 288.
2, 3
What are the prime factors of 4269?
3, 1423
List the prime factors of 12677.
7, 1811
What are the prime factors of 8804?
2, 31, 71
List the prime factors of 6835.
5, 1367
What are the prime factors of 8346?
2, 3, 13, 107
What are the prime factors of 12192?
2, 3, 127
List the prime factors of 2042.
2, 1021
List the prime factors of 2694.
2, 3, 449
List the prime factors of 2599.
23, 113
What are the prime factors of 2073?
3, 691
What are the prime factors of 6278?
2, 43, 73
What are the prime factors of 15295?
5, 7, 19, 23
What are the prime factors of 326?
2, 163
List the prime factors of 187184.
2, 11699
What are the prime factors of 20884?
2, 23, 227
List the prime factors of 6156.
2, 3, 19
List the prime factors of 364.
2, 7, 13
What are the prime factors of 43126?
2, 21563
List the prime factors of 1140.
2, 3, 5, 19
List the prime factors of 4074.
2, 3, 7, 97
What are the prime factors of 1517?
37, 41
List the prime factors of 2742.
2, 3, 457
What are the prime factors of 1773?
3, 197
List the prime factors of 1025.
5, 41
What are the prime factors of 34660?
2, 5, 1733
What are the prime factors of 42940?
2, 5, 19, 113
List the prime factors of 79.
79
List the prime factors of 4964.
2, 17, 73
What are the prime factors of 9924?
2, 3, 827
List the prime factors of 110053.
167, 659
What are the prime factors of 2377?
2377
What are the prime factors of 13837?
101, 137
What are the prime factors of 990?
2, 3, 5, 11
What are the prime factors of 924?
2, 3, 7, 11
What are the prime factors of 102587?
102587
What are the prime factors of 735?
3, 5, 7
What are the prime factors of 13615?
5, 7, 389
List the prime factors of 1929.
3, 643
List the prime factors of 26907.
3, 8969
List the prime factors of 38538.
2, 3, 2141
What are the prime factors of 42704?
2, 17, 157
What are the prime factors of 1739?
37, 47
List the prime factors of 26311.
83, 317
What are the prime factors of 16218?
2, 3, 17, 53
List the prime factors of 57651.
3, 11, 1747
What are the prime factors of 3495?
3, 5, 233
What are the prime factors of 42924?
2, 3, 7, 73
What are the prime factors of 1353?
3, 11, 41
What are the prime factors of 127613?
37, 3449
List the prime factors of 4584.
2, 3, 191
What are the prime factors of 73004?
2, 18251
What are the prime factors of 739?
739
What are the prime factors of 3897?
3, 433
What are the prime factors of 972?
2, 3
What are the prime factors of 45331?
11, 13, 317
List the prime factors of 119814.
2, 3, 19, 1051
List the prime factors of 943.
23, 41
What are the prime factors of 1017?
3, 113
What are the prime factors of 4037?
11, 367
What are the prime factors of 4478?
2, 2239
What are the prime factors of 1936?
2, 11
List the prime factors of 177617.
11, 67, 241
List the prime factors of 11022.
2, 3, 11, 167
List the prime factors of 5178.
2, 3, 863
What are the prime factors of 569?
569
What are the prime factors of 22724?
2, 13, 19, 23
List the prime factors of 4684.
2, 1171
What are the prime factors of 9129?
3, 17, 179
List the prime factors of 3228.
2, 3, 269
What are the prime factors of 5495?
5, 7, 157
List the prime factors of 25279.
17, 1487
What are the prime factors of 38876?
2, 9719
What are the prime factors of 1438?
2, 719
List the prime factors of 31823.
11, 263
What are the prime factors of 10938?
2, 3, 1823
List the prime factors of 114432.
2, 3, 149
What are the prime factors of 615?
3, 5, 41
What are the prime factors of 10651?
10651
List the prime factors of 17827.
17827
What are the prime factors of 12976?
2, 811
List the prime factors of 98714.
2, 7, 11, 641
List the prime factors of 18897.
3, 6299
List the prime factors of 122534.
2, 197, 311
What are the prime factors of 35351?
23, 29, 53
List the prime factors of 1834.
2, 7, 131
List the prime factors of 144042.
2, 3, 24007
List the prime factors of 116.
2, 29
What are the prime factors of 222?
2, 3, 37
What are the prime factors of 18555?
3, 5, 1237
What are the prime factors of 907?
907
What are the prime factors of 366?
2, 3, 61
List the prime factors of 44175.
3, 5, 19, 31
What are the prime factors of 99?
3, 11
What are the prime factors of 4967?
4967
What are the prime factors of 64637?
109, 593
List the prime factors of 3556.
2, 7, 127
List the prime factors of 2434.
2, 1217
What are the prime factors of 7590?
2, 3, 5, 11, 23
List the prime factors of 993.
3, 331
What are the prime factors of 12094?
2, 6047
List the prime factors of 1813.
7, 37
List the prime factors of 3954.
2, 3, 659
List the prime factors of 2623.
43, 61
List the prime factors of 702.
2, 3, 13
What are the prime factors of 1016?
2, 127
What are the prime factors of 46776?
2, 3, 1949
List the prime factors of 20633.
47, 439
List the prime factors of 9825.
3, 5, 131
What are the prime factors of 83061?
3, 11, 839
List the prime factors of 879.
3, 293
What are the prime factors of 1775?
5, 71
List the prime factors of 6357.
3, 13, 163
What are the prime factors of 82?
2, 41
List the prime factors of 1950.
2, 3, 5, 13
What are the prime factors of 46286?
2, 23143
List the prime factors of 30203.
30203
List the prime factors of 1232.
2, 7, 11
List the prime factors of 19484.
2, 4871
List the prime factors of 244.
2, 61
What are the prime factors of 15432?
2, 3, 643
List the prime factors of 1636.
2, 409
What are the prime factors of 53059?
97, 547
List the prime factors of 6411.
3, 2137
What are the prime factors of 25500?
2, 3, 5, 17
List the prime factors of 16129.
127
List the prime factors of 7269.
3, 2423
What are the prime factors of 766?
2, 383
List the prime factors of 2130.
2, 3, 5, 71
What are the prime factors of 2089?
2089
List the prime factors of 1559.
1559
List the prime factors of 45720.
2, 3, 5, 127
What are the prime factors of 62662?
2, 17, 19, 97
What are the prime factors of 38861?
38861
List the prime factors of 10182.
2, 3, 1697
What are the prime factors of 3511?
3511
What are the prime factors of 5838?
2, 3, 7, 139
List the prime factors of 3690.
2, 3, 5, 41
What are the prime factors of 408?
2, 3, 17
What are the prime factors of 17606?
2, 8803
What are the prime factors of 7835?
5, 1567
List the prime factors of 4287.
3, 1429
List the prime factors of 2325.
3, 5, 31
What are the prime factors of 9930?
2, 3, 5, 331
What are the prime factors of 136380?
2, 3, 5, 2273
List the prime factors of 1679.
23, 73
What are the prime factors of 139?
139
List the prime factors of 82.
2, 41
List the prime factors of 64.
2
List the prime factors of 5663.
7, 809
What are the prime factors of 5204?
2, 1301
List the prime factors of 18284.
2, 7, 653
What are the prime factors of 9554?
2, 17, 281
List the prime factors of 43540.
2, 5, 7, 311
List the prime factors of 662.
2, 331
List the prime factors of 4889.
4889
List the prime factors of 8881.
83, 107
What are the prime factors of 586?
2, 293
List the prime factors of 995.
5, 199
List the prime factors of 44522.
2, 113, 197
What are the prime factors of 1842?
2, 3, 307
List the prime factors of 20405.
5, 7, 11, 53
What are the prime factors of 41833?
11, 3803
What are the prime factors of 14837?
37, 401
List the prime factors of 3305.
5, 661
List the prime factors of 104578.
2, 52289
What are the prime factors of 242?
2, 11
List the prime factors of 2238.
2, 3, 373
List the prime factors of 11711.
7, 239
What are the prime factors of 13931?
13931
What are the prime factors of 1976?
2, 13, 19
What are the prime factors of 954?
2, 3, 53
List the prime factors of 1277.
1277
What are the prime factors of 18427?
18427
What are the prime factors of 55135?
5, 11027
What are the prime factors of 13808?
2, 863
What are the prime factors of 1515?
3, 5, 101
List the prime factors of 1591.
37, 43
What are the prime factors of 2977?
13, 229
List the prime factors of 180564.
2, 3, 41, 367
List the prime factors of 1439.
1439
What are the prime factors of 800?
2, 5
What are the prime factors of 1194?
2, 3, 199
List the prime factors of 1285.
5, 257
What are the prime factors of 39070?
2, 5, 3907
List the prime factors of 2652.
2, 3, 13, 17
What are the prime f